
In base 15, what is -123 - 6?
-129
In base 16, what is 4c2 + 2?
4c4
In base 15, what is 57 + 33?
8a
In base 15, what is 1 - -364?
365
In base 6, what is 41 + 145?
230
In base 12, what is -5 + 658?
653
In base 4, what is -1 - 31103?
-31110
In base 5, what is 10 + 101321?
101331
In base 15, what is 68 - 5?
63
In base 6, what is -34 + 2?
-32
In base 5, what is 1 - -100232?
100233
In base 2, what is 1010011 - -1?
1010100
In base 8, what is -173 + 44?
-127
In base 10, what is -3 - -98?
95
In base 4, what is -11 - 132131?
-132202
In base 13, what is 8a - 0?
8a
In base 3, what is -2 - -120211?
120202
In base 10, what is 24 - -2?
26
In base 8, what is -2 - 25?
-27
In base 13, what is -10 - -8c?
7c
In base 16, what is -aa9 - 2?
-aab
In base 3, what is 0 - -1110?
1110
In base 4, what is 33 + 3?
102
In base 7, what is 24 + -42?
-15
In base 9, what is 34 + 5?
40
In base 3, what is 22211 + -120?
22021
In base 9, what is -447 + 2?
-445
In base 10, what is 5 - -296?
301
In base 3, what is 20012 + -10?
20002
In base 8, what is 1224 - -3?
1227
In base 3, what is 12 - -10221?
11010
In base 16, what is 21 - -3?
24
In base 14, what is 3 + -2ad?
-2aa
In base 13, what is 53 - -5?
58
In base 16, what is 2 + -9b?
-99
In base 8, what is 5 - -3?
10
In base 3, what is -100222 + 20?
-100202
In base 3, what is -102101 + 11?
-102020
In base 15, what is -8e - 1?
-90
In base 10, what is 16 - -7?
23
In base 6, what is 14 - -20?
34
In base 8, what is -536 + -4?
-542
In base 2, what is 0 + 10000100?
10000100
In base 3, what is -102101100 - -2?
-102101021
In base 15, what is 49 - -11?
5a
In base 15, what is 5 + -a65?
-a60
In base 5, what is -1101133 - -10?
-1101123
In base 13, what is -3c + 14?
-28
In base 16, what is -33 + 10?
-23
In base 3, what is 110120 + -10?
110110
In base 3, what is -102 - 1?
-110
In base 16, what is 4 + -99a?
-996
In base 7, what is 66 + -16?
50
In base 2, what is 11111 - 0?
11111
In base 15, what is -514 - -3?
-511
In base 4, what is 22311 + -313?
21332
In base 5, what is 2234 + -2?
2232
In base 9, what is 146 - 3?
143
In base 4, what is -212311 - 3?
-212320
In base 8, what is -17 - 25?
-44
In base 7, what is -26664 + -5?
-30002
In base 16, what is -3 + -73?
-76
In base 10, what is 527 + 3?
530
In base 3, what is 11102 + 2?
11111
In base 8, what is 226 + 141?
367
In base 7, what is -5 + -3544?
-3552
In base 12, what is 0 - 40?
-40
In base 9, what is -3 - 23?
-26
In base 4, what is 122300 - -11?
122311
In base 7, what is 4 + -1664?
-1660
In base 13, what is 15 - 260?
-248
In base 5, what is 24 - 14?
10
In base 16, what is 1 + 2a?
2b
In base 14, what is 2 + 1d2?
1d4
In base 8, what is 5 - -212?
217
In base 16, what is -81 - -7?
-7a
In base 11, what is 21a + 0?
21a
In base 16, what is -6 + -21?
-27
In base 7, what is -1231 - 4?
-1235
In base 8, what is 0 + -36?
-36
In base 3, what is 2 + -212021?
-212012
In base 5, what is -233 - 2440?
-3223
In base 12, what is -407 - 0?
-407
In base 10, what is 11519 - -2?
11521
In base 15, what is 4 + 4?
8
In base 7, what is 120625 - -2?
120630
In base 14, what is 58 + -2?
56
In base 8, what is 1732 + 1?
1733
In base 9, what is 104 + -14?
80
In base 11, what is -1838 - 1?
-1839
In base 5, what is -1 + 23?
22
In base 6, what is 4 + -5140?
-5132
In base 14, what is -20 + 2?
-1c
In base 2, what is 101011 + 110?
110001
In base 3, what is 2222121 + -12?
2222102
In base 10, what is 5 - -173?
178
In base 15, what is -18 + 1?
-17
In base 15, what is 4 - -3?
7
In base 16, what is 1b - 2f?
-14
In base 13, what is 1c - -94?
b3
In base 4, what is 230 - 0?
230
In base 16, what is 2 + -172?
-170
In base 15, what is -137 - -1?
-136
In base 11, what is -2 - -4a8?
4a6
In base 15, what is 19 + -1c?
-3
In base 13, what is -3 + -4?
-7
In base 3, what is 12222 - 11?
12211
In base 15, what is 26 + -5?
21
In base 8, what is -1 - -156?
155
In base 16, what is 1c90 - -2?
1c92
In base 10, what is 5 + -25?
-20
In base 16, what is -7 - b?
-12
In base 8, what is 2661 + 4?
2665
In base 11, what is 54 + -6?
49
In base 2, what is 1 - -11110001111?
11110010000
In base 9, what is -165 + -6?
-172
In base 11, what is 9 + -1749?
-1740
In base 14, what is -8a - b?
-97
In base 2, what is 100011000110111 + -101?
100011000110010
In base 13, what is 89 - 0?
89
In base 8, what is 6526 - 0?
6526
In base 16, what is 17 + 3d3?
3ea
In base 5, what is 4 - -1434?
1443
In base 15, what is -2 + 1542?
1540
In base 13, what is -12b - -4?
-127
In base 3, what is 221 - -10?
1001
In base 4, what is -2 + 10?
2
In base 14, what is 2233 + 4?
2237
In base 3, what is -1120 + -12?
-1202
In base 3, what is -111011 - 11?
-111022
In base 15, what is 6 + b?
12
In base 4, what is -23011 + 10?
-23001
In base 7, what is -16 - 31?
-50
In base 2, what is 101111 - -110?
110101
In base 6, what is 450 + -14?
432
In base 2, what is -10001111001 - 101?
-10001111110
In base 7, what is 1 - 123?
-122
In base 10, what is 49 - -7?
56
In base 15, what is -8 + -14?
-1c
In base 11, what is -316a - 7?
-3176
In base 6, what is -1 - -1535?
1534
In base 10, what is 1 - -3204?
3205
In base 15, what is -23a0 - 2?
-23a2
In base 2, what is 1000111111000 + -100?
1000111110100
In base 2, what is 0 + 10001110100?
10001110100
In base 2, what is -1100010101 + 0?
-1100010101
In base 14, what is -4 - 26?
-2a
In base 14, what is -7 + -12c?
-135
In base 14, what is 1 - a?
-9
In base 12, what is -8 - -157?
14b
In base 9, what is -1760 - 1?
-1761
In base 16, what is 144 - 1?
143
In base 7, what is -144 - -10?
-134
In base 8, what is 20 + 55?
75
In base 14, what is 30d - -9?
318
In base 2, what is 11010 + -1000?
10010
In base 8, what is -4 - 2453?
-2457
In base 15, what is 1 + 95?
96
In base 5, what is 434 + 2?
441
In base 11, what is 399 + -19?
380
In base 13, what is 1 - -98?
99
In base 14, what is -14 - -a?
-8
In base 7, what is 10 - 2241?
-2231
In base 6, what is -4 + 4000?
3552
In base 8, what is 250 + -2?
246
In base 4, what is -33 - 110?
-203
In base 13, what is 233 + -1?
232
In base 4, what is 31 - -20100?
20131
In base 9, what is -1 - -131?
130
In base 15, what is 4 + 457?
45b
In base 8, what is 10 + 342?
352
In base 4, what is 202 + -1?
201
In base 14, what is 3c36 + 5?
3c3b
In base 11, what is 1 + -31?
-30
In base 2, what is 101 + -1100101?
-1100000
In base 12, what is 1b + -4?
17
In base 11, what is -1 - -177?
176
In base 11, what is 302 + 6?
308
In base 10, what is 1 - -5?
6
In base 2, what is -100010 - 1001?
-101011
In base 11, what is 16 - 8?
9
In base 5, what is 122 + 4?
131
In base 3, what is 11 - -110222?
111010
In base 4, what is -103 + 20110?
20001
In base 4, what is -31 - 1000?
-1031
In base 7, what is -5 - -440?
432
In base 9, what is 148 - -2?
151
In base 15, what is d4 - 1?
d3
In base 6, what is -151 - 4?
-155
In base 7, what is -13 + -412?
-425
In base 16, what is -792 + 1?
-791
In base 3, what is -212110 + 2?
-212101
In base 3, what is -12212111 + 12?
-12212022
In base 11, what is 3 + 21?
24
In base 7, what is -161 - -4?
-154
In base 15, what is 1 + 22d?
22e
In base 16, what is -7 + -1?
-8
In base 3, what is -22 + 12210?
12111
In base 9, what is -1 + 268?
267
In base 12, what is 3899 - -5?
38a2
In base 4, what is -2101 + 3?
-2032
In base 10, what is -81 + 5?
-76
In base 8, what is -273 - -2?
-271
In base 6, what is -315 + -2?
-321
In base 8, what is 2420 + 0?
2420
In base 5, what is -20 + 1?
-14
In base 8, what is 73 + 122?
215
In base 10, what is 495 + 33?
528
In base 14, what is 0 - 182?
-182
In base 10, what is 196 + -35?
161
In base 10, what is 3 + -204?
-201
In base 9, what is -208 - -11?
-187
In base 15, what is 3 - -92?
95
In base 7, what is -15 + 0?
-15
In base 3, what is 12 - -1012?
1101
In base 14, what is 2ac + 3?
2b1
In base 10, what is 294 + 0?
294
In base 12, what is -454 + 4?
-450
In base 5, what is 1 - -33?
34
In base 9, what is -50 - -7?
-42
In base 10, what is -31 - 7?
-38
In base 11, what is 3 - -2351?
2354
In base 9, what is -8466 - -2?
-8464
In base 12, what is a + -12?
-4
In base 15, what is 9 - 17?
-d
In base 11, what is 299 - 0?
299
In base 7, what is -56 + 2?
-54
In base 2, what is -10111110 - 1?
-10111111
In base 8, what is -12 - 406?
-420
In base 10, what is -35 - 39?
-74
In base 5, what is 3230 - 1?
3224
In base 6, what is -10 - 533?
-543
In base 15, what is 5 - -